d by (i/(-1) + 14)/1.
9
Let c(k) = k**2 + 6*k + 21. Suppose 3 = -l + 15. Calculate the remainder when c(-6) is divided by l.
9
Let t(f) = -2*f + 7. Let v(g) = -2*g + 8. Let u(p) = 2*t(p) - 3*v(p). Let i be (-74)/(-9) + 6/(-27). What is the remainder when 11 is divided by u(i)?
5
Let s = 1 - -7. What is the remainder when 49 is divided by (-12)/s - 29/(-2)?
10
Let a be (-1 - -2 - 2) + 6. Suppose -2*i - 3*n - 21 = -a*i, -2*i + 3*n = -10. What is the remainder when i is divided by 6?
5
Suppose -2*l = l. Suppose -5*v + 141 - 16 = l. What is the remainder when v is divided by 13?
12
Suppose -2*l = -5*k - 452, -4*k + 4*l = k + 444. Let i = -35 - k. Calculate the remainder when i is divided by 15.
12
Let o = 14 + -10. Suppose o*u = 30 + 30. Let k(n) = 11*n**2 - 2*n + 3. Calculate the remainder when k(2) is divided by u.
13
What is the remainder when (-1 + 2)/((-4)/(-5 - 691)) is divided by 44?
42
Let w(q) = 2*q**3 - 3*q**2 - 2*q + 2. What is the remainder when ((-43)/(-2))/((-1)/(-2)) is divided by w(3)?
20
Let w = 31 - -38. Suppose -3*s - 21 = -w. Calculate the remainder when 31 is divided by s.
15
Let v(u) = u**2 - 8*u - 17. What is the remainder when 61 is divided by v(11)?
13
Let r(j) = -16*j + 2. Suppose -5*u - 5*b = -40, 3*u - 28 = u + 4*b. What is the remainder when r(-1) is divided by u?
8
Suppose 21 = 2*q - 67. What is the remainder when q is divided by 15?
14
Let z be ((-9)/(-2))/(-1)*-4. Let f be (-715)/3 - (-2)/6. Calculate the remainder when (-8)/36 - f/z is divided by 8.
5
Suppose 4*x - 2*h = 12, h + h + 15 = 5*x. Suppose -2*w - x*w = -155. Let k(g) = -g**2 - 9*g - 7. Calculate the remainder when w is divided by k(-6).
9
Let l(q) = -q**2 + 2. Let h be l(2). Let x = 0 - h. Let u = -3 + 4. What is the remainder when x is divided by u?
0
Let u = -31 - -40. Calculate the remainder when 3/2*(11 + -1) is divided by u.
6
Let q = 0 - -6. Let c(y) = -y**3 - 4*y**2 - 2*y - 4. What is the remainder when q is divided by c(-4)?
2
Let b = 57 + -33. Calculate the remainder when 15/(-2)*b/(-9) is divided by 7.
6
Suppose -4*b + 31 - 3 = 0. Let w(v) = -v**2 + 9*v + 3. What is the remainder when 50 is divided by w(b)?
16
Suppose 35*q + 0*q = 735. Let j(m) = m + 1. What is the remainder when q is divided by j(5)?
3
Let b(w) = w**2 + 5*w. Let s be b(-6). Suppose 2*v - 115 = 5*l, 0 = -2*v + v - l + 54. Suppose -v = g - s*g. Calculate the remainder when 21 is divided by g.
10
Calculate the remainder when 63 is divided by (36/15)/((-3)/(-20)).
15
Suppose 3*h + 4*q - 67 = 0, h + 0*q + 3*q - 19 = 0. Suppose -h = 4*d - 249. Suppose 4*o - d = 16. Calculate the remainder when o is divided by 10.
8
Suppose 0*m + 2*m - 52 = 0. Suppose g - 22 = 5*w, 5*g - m = -w + 5*w. Suppose 0 = 5*k - 4 - 16. Calculate the remainder when k is divided by g.
0
Let z(s) = -s**3 + s**2. Let r(l) = 3*l**3 - 8*l**2 + 2*l + 7. Let i(x) = -r(x) - 2*z(x). Calculate the remainder when 13 is divided by i(5).
5
Suppose n + 2*z - 10 = -0*n, 0 = -4*n - 5*z + 37. Let u(i) = -8*i - 2. Calculate the remainder when u(-3) is divided by n.
6
Let b(j) = -j + 8. What is the remainder when 42 is divided by b(-7)?
12
Let b be -1 - (1 + 131 - -2). Let a = b + 279. Let s = a - 100. What is the remainder when s is divided by 15?
14
Suppose 39*g - 34*g - 325 = 0. What is the remainder when g is divided by 22?
21
Suppose -15 = -5*c - 5*z, -14 = -c + 2*z - 5. Calculate the remainder when c is divided by 4.
1
Let d = -7 + 12. Suppose 3*h - 4*f = 14, -6 = h + d*f + 2. Suppose -h*a + 19 = 5*q, -5*q = a - 16 - 6. What is the remainder when 9 is divided by q?
4
Suppose -4*q + 8 + 12 = 0. Let y be (8/q)/(2/5). Suppose 5*f - 48 = u, 0*f - y*u - 42 = -5*f. Calculate the remainder when 19 is divided by f.
9
Suppose -7 = -3*r + 2*m + 58, 4*r - 87 = 3*m. Let u = r + 11. Calculate the remainder when u is divided by 11.
10
Let h = 44 + -81. Suppose -2*g = -2*d - 108, 2*g = d + 7*g + 72. Let u = h - d. Calculate the remainder when u is divided by 11.
9
Let i = 8 - -2. What is the remainder when 39 is divided by i?
9
Suppose 0*s + 3*i = 2*s - 18, -i - 1 = s. Suppose 3*y - n + 7 = -13, -s*n = 5*y + 10. What is the remainder when 37 is divided by (y/(-3))/((-1)/(-6))?
7
Let a be 1 + 1 + -2 - 0. Let l = 4 - 3. Calculate the remainder when 9 + (a - (1 + l)) is divided by 4.
3
Let v be (-3 + 1)*3/(-6). What is the remainder when 11 is divided by -3 - (v - 2 - 6)?
3
Let l = 61 - 36. Let f = l + 4. Suppose -c - 45 = -4*c - 3*k, 0 = -4*c + 5*k + 60. Calculate the remainder when f is divided by c.
14
Suppose 4*a = -3*k + 2*k + 53, 0 = -3*k - 2*a + 169. Calculate the remainder when (-2)/((-177)/k - -3) is divided by 11.
8
Let h = -32 - -50. Let u = 5 + -1. Suppose -u*o + 3*o = -3*m - 10, 5*o - 50 = 3*m. What is the remainder when h is divided by o?
8
Suppose 5*u = 7 - 2. What is the remainder when 4 is divided by (0 + u)/(4/12)?
1
Suppose -5*u = -2*u - 69. Let f be (-1)/3 - 1108/(-12). Suppose -42 = -2*k + f. Calculate the remainder when k is divided by u.
21
Let x(h) = h**3 - 5*h**2 - h + 4. Calculate the remainder when x(6) is divided by 12.
10
Let f = -7 + 10. Let s(y) = y**3 - 9*y**2 - 9*y - 6. Let c = 24 + -14. Calculate the remainder when s(c) is divided by f.
1
Suppose 380 = 2*v + 3*v - 2*f, 2*v = 5*f + 173. What is the remainder when v is divided by 19?
17
Let b = 170 - 57. What is the remainder when b is divided by 29?
26
Let q = -34 + 60. Let w = -304 + 318. What is the remainder when q is divided by w?
12
Suppose 5*s = 74 - 44. Calculate the remainder when s is divided by 1.
0
Suppose 2*x + 2*x - 48 = 0. Let w = 27 - x. What is the remainder when w is divided by 8?
7
Let v = 18 - 2. Let i(z) = 2*z. Let t be i(1). What is the remainder when (-1 - 1)*(-31)/t is divided by v?
15
Let q be ((-44)/33)/((-2)/27). Let m = q + -8. Let y(j) = -j - 2. Calculate the remainder when m is divided by y(-6).
2
Suppose 4*f + 27 - 303 = 0. Calculate the remainder when f is divided by 18/4*(-4)/(-1).
15
Suppose 5*c - 39 - 2 = 4*r, -4*c = -5*r - 31. Let d = -42 - -75. What is the remainder when d is divided by c?
6
Suppose 8 = 2*u - 0*u. What is the remainder when (-2 + u)/((-2)/(-29)) is divided by 1 - -1 - (-26)/2?
14
Suppose 0 = -4*d + g + 287, 2*d - 7*d + 346 = 3*g. What is the remainder when d is divided by 24?
23
Let w(x) = 4*x - 2. Let y be ((-10)/(-15))/((-2)/(-6)). What is the remainder when 11 is divided by w(y)?
5
Let q = 2 + 10. Suppose 0 = j - q. Calculate the remainder when (-17)/2*(31 - 35) is divided by j.
10
Suppose -3*a + 2*t - 60 = 0, 5*a + 41 = t - 59. Calculate the remainder when 426/10 + (-8)/a is divided by 15.
13
Let w = 24 + -10. Suppose 2 = -2*i + 2*g + 24, -3*g = -5*i + 47. Let a = i + 1. Calculate the remainder when w is divided by a.
6
Let c(a) = 6*a + 1. Let h(j) = 3*j + 3*j + 12 - j**2 + 3*j. Calculate the remainder when h(9) is divided by c(1).
5
Suppose -2*x - x + 33 = 0. Suppose 2 = -o - 5*z + 7, o + 3*z - x = 0. Let q(h) = 8*h**3 - 2*h**2 + 2*h - 1. Calculate the remainder when o is divided by q(1).
6
Suppose -o + d = -3*d + 2, o + 5*d - 34 = 0. Calculate the remainder when 254/o - (-3)/(-21) is divided by 10.
8
Let x(b) = 15*b - 88. What is the remainder when x(12) is divided by 31?
30
Let t = 183 - 131. Let z = 101 - t. Let u = 6 + 11. What is the remainder when z is divided by u?
15
Let n = -21 + 42. What is the remainder when n is divided by 4?
1
What is the remainder when 24 is divided by (-185)/(-20) + 3/(-12)?
6
Suppose -4*y + 152 = 5*g, 4*g = y + 2*g - 38. What is the remainder when y is divided by 13?
12
Suppose 25 = 5*t, 4*p + 2*t - 48 + 2 = 0. Let n = 39 + -6. What is the remainder when n is divided by p?
6
Let c = 23 - 12. Calculate the remainder when 20 is divided by c.
9
Let n = -15 - -26. What is the remainder when 41 is divided by n?
8
Suppose -340 = -5*g - 105. What is the remainder when g is divided by 14?
5
Suppose -8*n = -3*n. Let k = n - -26. Calculate the remainder when k is divided by 9.
8
Let o(t) = t**3 - 10*t**2 + 8*t + 13. Calculate the remainder when 11 is divided by o(9).
3
Let i(d) = -d + 15. Let n(z) = 8*z + 10. Let u(q) = q + 1. Let j(v) = -n(v) + 6*u(v). What is the remainder when i(0) is divided by j(-4)?
3
Calculate the remainder when 72 - (-27)/(-18)*(-2)/(-3) is divided 